{"id":880,"date":"2024-04-08T15:20:38","date_gmt":"2024-04-08T18:20:38","guid":{"rendered":"https:\/\/edclp-bue.infd.edu.ar\/sitio\/?page_id=880"},"modified":"2026-03-11T14:54:38","modified_gmt":"2026-03-11T17:54:38","slug":"biblioteca","status":"publish","type":"page","link":"https:\/\/edclp-bue.infd.edu.ar\/sitio\/institucional\/biblioteca\/","title":{"rendered":"BIBLIOTECA"},"content":{"rendered":"\n<p>Correo de contacto:<strong><a href=\"bibliotecadanzasclasicas@gmail.com\"> bibliotecadanzasclasicas@gmail.com<\/a><\/strong><\/p>\n\n\n\n<hr class=\"wp-block-separator has-alpha-channel-opacity\"\/>\n\n\n\n<p class=\"has-medium-font-size\"><strong>BIBLIOTECA ESPECIALIZADA EN DANZAS<\/strong><\/p>\n\n\n\n<ul>\n<li style=\"font-size:18px\"><strong>Pr\u00e9stamos en sala.<\/strong><\/li>\n\n\n\n<li style=\"font-size:18px\"><strong>Pr\u00e9stamos a domicilio.<\/strong><\/li>\n\n\n\n<li style=\"font-size:18px\"><strong>Consultas de proyecto de Catedra.<\/strong><\/li>\n\n\n\n<li style=\"font-size:18px\"><strong>Consulta de Programas de Materias.<\/strong><\/li>\n\n\n\n<li style=\"font-size:18px\"><strong>Material Informativo sobre Danza y otras \u00c1reas del saber.<\/strong><\/li>\n\n\n\n<li style=\"font-size:18px\">M<strong>aterial Literario de variados g\u00e9neros.<\/strong><\/li>\n<\/ul>\n\n\n\n<p><\/p>\n\n\n\n<hr class=\"wp-block-separator aligncenter has-text-color has-contrast-color has-alpha-channel-opacity has-contrast-background-color has-background is-style-wide\"\/>\n\n\n\n<p class=\"has-medium-font-size\"><\/p>\n\n\n\n<p class=\"has-contrast-color has-contrast-3-background-color has-text-color has-background has-medium-font-size\"><a rel=\"noreferrer noopener\" href=\"https:\/\/docs.google.com\/spreadsheets\/d\/16gfk3HD_yPVnwzyuV7fWH_lnznyXFvN7\/edit?usp=drive_link&amp;ouid=113202471530318146899&amp;rtpof=true&amp;sd=true\" target=\"_blank\"><strong>COLECCI\u00d3N DE LIBROS F\u00cdSICOS DISPONIBLES EN BIBLIOTECA<\/strong><\/a><\/p>\n\n\n\n<p><\/p>\n\n\n\n<hr class=\"wp-block-separator aligncenter has-text-color has-contrast-color has-alpha-channel-opacity has-contrast-background-color has-background is-style-wide\"\/>\n\n\n\n<p class=\"has-medium-font-size\">&nbsp;<\/p>\n\n\n\n<p class=\"has-medium-font-size\"><strong>HORARIOS &nbsp; DE &nbsp; BIBLIOTECA<\/strong><\/p>\n\n\n\n<figure class=\"wp-block-table is-style-stripes\"><table><tbody><tr><td><\/td><td><br><strong>LUNES<\/strong><\/td><td><br><strong>MARTES<\/strong><\/td><td><br><strong>MI\u00c9RCOLES<\/strong><\/td><td><br><strong>JUEVES<\/strong><\/td><td><br><strong>VIERNES<\/strong><\/td><\/tr><tr><td rowspan=\"2\"><br><br><br><strong>SEDE<\/strong><\/td><td rowspan=\"2\"><br>12.30 a 16.30<br>Rossana<\/td><td><br>12.30 a 16.30<br>Rossana<\/td><td rowspan=\"2\"><br>12.30 a 16.30<br>Rossana<\/td><td><br>12.30 a 16.30<br>Rossana<\/td><td rowspan=\"2\"><br>12.30 a 16.30<br>Rossana<\/td><\/tr><tr><td><br>8 a 12<br>Elizabeth<\/td><td><br>17.30 a 21.30<br>Elizabeth<\/td><\/tr><tr><td><br><br><strong>ESTACI\u00d3N PROVINCIAL<\/strong><br><br><\/td><td><br>13 a 17<br>Elizabeth<\/td><td><\/td><td><br>8 a 12<br>Elizabeth<\/td><td><\/td><td><br>8 a 12<br>&nbsp;Elizabeth<\/td><\/tr><\/tbody><\/table><\/figure>\n","protected":false},"excerpt":{"rendered":"<p>Correo de contacto: bibliotecadanzasclasicas@gmail.com BIBLIOTECA ESPECIALIZADA EN DANZAS COLECCI\u00d3N DE LIBROS F\u00cdSICOS DISPONIBLES EN BIBLIOTECA &nbsp; HORARIOS &nbsp; DE &nbsp; BIBLIOTECA LUNES MARTES MI\u00c9RCOLES JUEVES VIERNES SEDE 12.30 a 16.30Rossana 12.30 a 16.30Rossana 12.30 a 16.30Rossana 12.30 a 16.30Rossana 12.30 a 16.30Rossana 8 a 12Elizabeth 17.30 a 21.30Elizabeth ESTACI\u00d3N PROVINCIAL 13 a 17Elizabeth 8 a &#8230; <a title=\"BIBLIOTECA\" class=\"read-more\" href=\"https:\/\/edclp-bue.infd.edu.ar\/sitio\/institucional\/biblioteca\/\" aria-label=\"More on BIBLIOTECA\">[+]<\/a><\/p>\n","protected":false},"author":14,"featured_media":0,"parent":703,"menu_order":3,"comment_status":"closed","ping_status":"closed","template":"","meta":[],"acf":[],"_links":{"self":[{"href":"https:\/\/edclp-bue.infd.edu.ar\/sitio\/wp-json\/wp\/v2\/pages\/880"}],"collection":[{"href":"https:\/\/edclp-bue.infd.edu.ar\/sitio\/wp-json\/wp\/v2\/pages"}],"about":[{"href":"https:\/\/edclp-bue.infd.edu.ar\/sitio\/wp-json\/wp\/v2\/types\/page"}],"author":[{"embeddable":true,"href":"https:\/\/edclp-bue.infd.edu.ar\/sitio\/wp-json\/wp\/v2\/users\/14"}],"replies":[{"embeddable":true,"href":"https:\/\/edclp-bue.infd.edu.ar\/sitio\/wp-json\/wp\/v2\/comments?post=880"}],"version-history":[{"count":6,"href":"https:\/\/edclp-bue.infd.edu.ar\/sitio\/wp-json\/wp\/v2\/pages\/880\/revisions"}],"predecessor-version":[{"id":1748,"href":"https:\/\/edclp-bue.infd.edu.ar\/sitio\/wp-json\/wp\/v2\/pages\/880\/revisions\/1748"}],"up":[{"embeddable":true,"href":"https:\/\/edclp-bue.infd.edu.ar\/sitio\/wp-json\/wp\/v2\/pages\/703"}],"wp:attachment":[{"href":"https:\/\/edclp-bue.infd.edu.ar\/sitio\/wp-json\/wp\/v2\/media?parent=880"}],"curies":[{"name":"wp","href":"https:\/\/api.w.org\/{rel}","templated":true}]}}